the prime factors of 9/q + 8 - -328.
3, 37
Let g(z) = 5*z - 1. Let o(q) = q**2 - 8*q + 25. Let r be o(5). What are the prime factors of g(r)?
7
Let n be 1184/(-37)*-8*(-2 - -4). Suppose 2*m = -4*y + n, 218 + 288 = 2*m + y. List the prime factors of m.
2, 3, 7
Let w = -122 - -127. Suppose -823 = w*c + b, 4*b = 4*c + 569 + 75. Let i = c + 368. List the prime factors of i.
2, 3, 17
Suppose 16 = r - 20. Suppose -34*a = -r*a + 8. Suppose -a*n + 157 = x, -2*n + 46 = -4*x - 46. List the prime factors of n.
2, 5
List the prime factors of 12 + 60/10 + 8919.
3, 331
Suppose 14 = 2*n + 2*j, j - 1 = 2. Suppose 0*v - 1203 = -5*g + 2*v, n*g - 952 = -v. List the prime factors of g.
239
Let r be 27/(-12)*((-800)/(-15))/(-10). Let i = 127 + r. What are the prime factors of i?
139
Let q = -152 + 156. Suppose q*v + 5*m = 606, -7*v + 2*v = m - 747. List the prime factors of v.
149
Let t(o) = -2*o**3 - 8*o**2 + 13*o - 8. Let f be t(-6). Suppose 0 = -42*s + f*s - 10288. List the prime factors of s.
643
Suppose -47*v + 96*v - 256270 = 0. What are the prime factors of v?
2, 5, 523
Let b = 9073 - 3199. What are the prime factors of b?
2, 3, 11, 89
List the prime factors of 18665 + (10 - 76/14 - 9/(-21)).
2, 5, 1867
Let h = 14 - 16. Let r be ((-275)/10)/((-1)/h). What are the prime factors of 3 + (-1)/(-1) - r?
59
Suppose 131*l - 148168 - 407946 = 105*l. What are the prime factors of l?
73, 293
Let h(b) = 2731*b**2 + 175*b - 7. What are the prime factors of h(3)?
25097
Let x = 3 + 0. Let d = -42 + 143. Suppose d = n - 5*o + o, x*n - 4*o = 311. What are the prime factors of n?
3, 5, 7
Let l = 12740 - 3364. What are the prime factors of l?
2, 293
Suppose 5*y - 1686 = 3*t, 4*t = 2*t - 4. Let u = -191 + y. Let r = u + -78. List the prime factors of r.
67
Suppose 15*y = -121 + 16. Let a(l) = 6*l + 57. List the prime factors of a(y).
3, 5
Suppose 0 = -3*z - 15, 3*c - 5*z = 7*c + 21. What are the prime factors of c*(-3 - -271) + 3 + -3?
2, 67
Suppose -252 = -z + 375. Let v = z - 581. What are the prime factors of v?
2, 23
Let i = 722 + -6. Let k = i + -317. List the prime factors of k.
3, 7, 19
Suppose 2*z + 0*z = 6*z. Suppose -10*j + 17*j - 70 = z. Suppose 0 = -j*g + 2759 - 229. List the prime factors of g.
11, 23
Suppose -214*z = -u - 212*z + 35279, -2*z = -5*u + 176451. What are the prime factors of u?
29, 1217
Let l(n) = 42*n**2 + 17*n + 478. What are the prime factors of l(-12)?
2, 29, 109
Let x(s) = -13*s + 9*s + 5 + 4 + 1. Let g be x(4). List the prime factors of (-2 + -61)*(-3)/g*-2.
3, 7
Suppose -4*o = -32, -47*t + 44*t + 14*o = -79415. What are the prime factors of t?
7, 541
Let l = 6735 + -5002. What are the prime factors of l?
1733
Let c(z) = z**3 + 18*z**2 - 27*z - 6. Let l be c(-19). Let g = l + 144. List the prime factors of g.
2, 5, 29
List the prime factors of 2/(-26) - (-264024144)/3978.
31, 2141
Suppose -2429*g + k = -2424*g - 203954, 0 = -5*g - 4*k + 203984. List the prime factors of g.
2, 5099
Let a(g) = 4*g - 3. Let q be a(2). Suppose -121 + 3021 = q*u. List the prime factors of u.
2, 5, 29
Let f be 10/(-4)*(-96)/120. What are the prime factors of (22 - 20)*317/f?
317
Let w(l) = 202*l**3 - l**2 - 4*l - 6. Let g be w(-2). What are the prime factors of (-4 + 7/2)*g?
809
Let w = -658 - -658. Suppose -9*o + 627 + 13188 = w. List the prime factors of o.
5, 307
Suppose -i = 2*i, 0 = -4*j - 2*i. Suppose 2*s + 6 = j, 0 = -0*z - 4*z + s + 891. What are the prime factors of z?
2, 3, 37
Let w = 148 - 365. Suppose 280 = -4*c - 4*p, 7*c - 3*c + 5*p = -276. Let q = c - w. What are the prime factors of q?
11, 13
Suppose 5*k - s - 2703 - 5958 = 0, 2*s = -5*k + 8643. List the prime factors of k.
3, 577
Suppose 2*t - 5*f - 17 = 0, f + 1 = -4*t + 2. What are the prime factors of (t - -4) + (4089 - 9)/6?
5, 137
Let u be (24/(-9))/(0 - 2/(-6)). Let f = u - -320. What are the prime factors of f?
2, 3, 13
Let i be ((-48)/80)/((-1)/5). Suppose r + 234 = i*q - r, -5*q - 2*r + 390 = 0. List the prime factors of q.
2, 3, 13
Let f = 31677 + -21816. What are the prime factors of f?
3, 19, 173
Let n(z) be the second derivative of 25*z**4/6 - 15*z**2/2 + 188*z. List the prime factors of n(4).
5, 157
Let s(q) = 3*q**2 + 27*q + 12. Let f be s(-8). What are the prime factors of 8/32 - 1893/f?
2, 79
Suppose -68*n + 17*n + 537948 = 0. What are the prime factors of n?
2, 3, 293
Suppose 55*a = -18*a - 79550 + 534340. What are the prime factors of a?
2, 5, 7, 89
Let f = -465 - -453. What are the prime factors of 160/f*(-222)/8 + 4?
2, 11, 17
Let w(l) = -l**3 - 29*l**2 - 52*l + 57. Let r be w(-27). Suppose 6 = -3*p, -2*c + r*p + 722 = 4*p. What are the prime factors of c?
2, 181
Let u be 6/(2 - 4)*-177. Suppose -3*c = -1980 - u. Suppose 10*w - c - 293 = 0. List the prime factors of w.
113
Let g = -1321 + 2509. Let h = -472 + g. What are the prime factors of h?
2, 179
Suppose -7*l - 32 = -15*l. Suppose 60 = l*m + 4*q, 0 = -15*m + 17*m + 3*q - 35. What are the prime factors of m?
2, 5
Suppose 0 = 30*i + 2*i - 969270 + 311382. List the prime factors of i.
3, 7, 11, 89
Let m be 105/70 + 122/(-4). Let g = -41 - m. What are the prime factors of (-1351)/(-21) - g/(-9)?
3, 7
Let t(h) = 9*h - 26. Let j(q) = 10*q - 27. Let p(i) = -4*j(i) + 5*t(i). Let o be p(5). Suppose o = c - 13. What are the prime factors of c?
2
Let x be (-16)/(-6)*(-936)/48. Let m = x + 30. What are the prime factors of (0 + m)*(2/(-4) - 3)?
7, 11
Suppose 0 = 4*v + 34247 + 18313. What are the prime factors of (((-2)/(-5))/1)/((-12)/v)?
2, 3, 73
Let z(j) = 0*j**3 - 9*j**2 + 8*j**2 - 5 - 3*j - j**3. Let d be z(-2). Suppose d*r - 948 + 158 = 0. What are the prime factors of r?
2, 79
Suppose -h + 128 = g - 2*h, 0 = 3*g + 3*h - 366. Suppose -g*n = -131*n + 2760. List the prime factors of n.
2, 5, 23
Suppose c = 5*n - c - 12, -3*n + 5*c = 8. Suppose 4*p - 4*a - 400 = 0, 0 = n*p - 0*p - 5*a - 398. List the prime factors of p.
2, 3, 17
Suppose -6*l - 1633 = 737. Let t = 872 + l. Suppose 4*i - 2*r = 168 + 458, t = 3*i + r. List the prime factors of i.
2, 79
Let o = 22841 - 14685. What are the prime factors of o?
2, 2039
Let s(d) = 2*d**3 - d**2 + d + 382. Let u be s(0). Suppose -4*y + 50 = -u. Suppose 2*q = m + m + y, -2*q - 3*m + 118 = 0. What are the prime factors of q?
2, 7
Suppose 81 = 3*p - 0*c + 2*c, -4*p + 88 = -4*c. What are the prime factors of (-3)/(-4)*(769 - p)?
2, 3, 31
Suppose -2*c = -5*a - 65 + 11, 0 = -3*c + 6. Let k(t) = t**2 + 6*t + 1. Let y be k(a). Let d = -20 + y. List the prime factors of d.
3, 7
Suppose -10*t + 4*r = -5*t + 21, 16 = 4*r. Let f(h) = 303*h**2 + h - 2. What are the prime factors of f(t)?
2, 3, 5
What are the prime factors of (6402/1 + 2)/(18 + (-416)/24)?
2, 3, 1601
Suppose -12812*i - 508846 = -12825*i. What are the prime factors of i?
2, 19571
Let o = -55 - 1. Let n(s) = -s**3 + 29*s**2 - 50*s + 11. Let a be n(27). Let j = o + a. What are the prime factors of j?
3, 7
Let r(w) = -w**3 + 20*w**2 - 34*w - 41. Let g be r(18). What are the prime factors of 4 - (2324/g + (-19)/95)?
7, 67
Suppose -5*j - 13*j = 12870. Let r = 2124 + j. What are the prime factors of r?
1409
Suppose 3012402 = -102*a + 171*a. What are the prime factors of a?
2, 83, 263
Let m = 47719 + -21227. List the prime factors of m.
2, 37, 179
Let j = 8104 + 4818. What are the prime factors of j?
2, 7, 13, 71
Let q = -17536 - -55118. List the prime factors of q.
2, 19, 23, 43
Suppose 12 = -38*j + 40*j. Suppose j = 6*b + 66. List the prime factors of ((-172)/5)/(-4 + (-36)/b).
2, 43
Let k(a) = a**3 + 22*a**2 + 30*a + 47. Suppose 2*w + 5*z + 58 = 0, 3*w + 30*z - 27*z + 69 = 0. List the prime factors of k(w).
2, 5, 7
Let l = -22 + 31. Suppose -l*s + s + 2176 = 0. Let d = s + -105. What are the prime factors of d?
167
Let w(o) = -5110*o - 758. List the prime factors of w(-3).
2, 3643
Let k = 895 + -453. Let s = -133 + k. List the prime factors of s.
3, 103
Let v = 449 - -2514. What are the prime factors of v?
2963
Let a(j) = -3 + 23 - 89 + 30*j. What are the prime factors of a(7)?
3, 47
Let o(n) = -48*n + 0 + 1 + 111*n + 511*n. List the prime factors of o(2).
3, 383
Suppose 5*q + 10 + 32 = -4*d, 15 = -q - 3*d. List the prime factors of 51*1*q/(-18 + 0).
17
Let j(g) = g**3 - 17*g**2 - 17*g + 15. Let p be j(17). Let r = p + 396. What are the pr